{"id":77,"date":"2019-11-26T19:44:11","date_gmt":"2019-11-26T19:44:11","guid":{"rendered":"https:\/\/gruene-emsland.de\/?page_id=77"},"modified":"2024-06-26T14:11:06","modified_gmt":"2024-06-26T14:11:06","slug":"gruene-im-emsland","status":"publish","type":"page","link":"https:\/\/gruene-emsland.de\/?page_id=77","title":{"rendered":"Gr\u00fcne im Emsland &#8211; Kreisverband"},"content":{"rendered":"\n<p>B\u00fcndnis90 \/ Die Gr\u00fcnen im Landkreis Emsland gliedern sich in den Kreisverband, der Kreistagsfraktion, sowie einzelnen Ortsverb\u00e4nden. Die politische Arbeit liegt haupts\u00e4chlich bei den Ortsverb\u00e4nden. Diese sind auch Ansprechpartner f\u00fcr Mitglieder, Interessierte und B\u00fcrger vor Ort. <br><br>Die einzelnen Ortsverb\u00e4nde sind:<\/p>\n\n\n\n<div class=\"wp-block-media-text alignwide is-stacked-on-mobile\"><figure class=\"wp-block-media-text__media\"><img loading=\"lazy\" decoding=\"async\" width=\"611\" height=\"1024\" src=\"https:\/\/gruene-emsland.de\/wp-content\/uploads\/2020\/02\/Landkreis_Web1.jpg\" alt=\"\" class=\"wp-image-112 size-full\" srcset=\"https:\/\/gruene-emsland.de\/wp-content\/uploads\/2020\/02\/Landkreis_Web1.jpg 611w, https:\/\/gruene-emsland.de\/wp-content\/uploads\/2020\/02\/Landkreis_Web1-358x600.jpg 358w, https:\/\/gruene-emsland.de\/wp-content\/uploads\/2020\/02\/Landkreis_Web1-90x150.jpg 90w\" sizes=\"auto, (max-width: 611px) 100vw, 611px\" \/><\/figure><div class=\"wp-block-media-text__content\">\n<h4 class=\"wp-block-heading\"><a href=\"http:\/\/www.gruene-eln.de\/\">OV Emsland-Nord<\/a><\/h4>\n\n\n\n<p><a href=\"https:\/\/gruene-eln.de\/stadtratsfraktion-papenburg\/\">Papenburg<\/a> &#8211; <a href=\"https:\/\/gruene-eln.de\/ortsrat-aschendorf\/\">Aschendorf <\/a>&#8211; D\u00f6rpen<br><a href=\"https:\/\/gruene-eln.de\/samtgemeinde-lathen-2\/\">Lathen <\/a>&#8211; <a href=\"https:\/\/gruene-eln.de\/samtgemeinde-soegel\/\">S\u00f6gel <\/a>&#8211; <a href=\"https:\/\/gruene-eln.de\/samtgemeinde-werlte\/\">Werlte <\/a>&#8211; Rhede<br>Nordh\u00fcmmling<br><\/p>\n\n\n\n<h4 class=\"wp-block-heading\"> <a href=\"https:\/\/www.die-gruenen-meppen.de\/\" target=\"_blank\" rel=\"noreferrer noopener\">OV Emsland-Mitte<\/a> <\/h4>\n\n\n\n<p><a href=\"http:\/\/www.gruene-emsland-mitte.de?cat=26\">Meppen<\/a> &#8211; <a href=\"http:\/\/www.gruene-emsland-mitte.de?cat=89\">Haren<\/a> &#8211; <a href=\"http:\/\/www.gruene-emsland-mitte.de?cat=71\">Hasel\u00fcnne<\/a><br><a href=\"http:\/\/www.gruene-emsland-mitte.de?cat=93\">Geeste<\/a> &#8211; <a href=\"http:\/\/www.gruene-emsland-mitte.de?cat=96#Herzlake\">Herzlake<\/a> &#8211; <a href=\"http:\/\/www.gruene-emsland-mitte.de?cat=97#twist\">Twist<\/a><\/p>\n\n\n\n<div style=\"height:40px\" aria-hidden=\"true\" class=\"wp-block-spacer\"><\/div>\n\n\n\n<h4 class=\"wp-block-heading\"> <a href=\"https:\/\/www.gruene-els.de\/\">OV Emsland-S\u00fcd<\/a> <\/h4>\n\n\n\n<p><a href=\"https:\/\/www.gruene-els.de\/mandatstraegerinnen\/stadtrat-lingen\">Lingen <\/a>&#8211; Lengerich &#8211; Salzbergen &#8211; Freren &#8211; Spelle &#8211; Emsb\u00fcren<\/p>\n\n\n\n<p>Hinweis: die Ortschaften sind direkt mit der Webseite unserer gr\u00fcnen Ortsverb\u00e4nde verlinkt. <\/p>\n\n\n\n<p><a href=\"https:\/\/gruene-emsland.de\/?page_id=215\"><strong>Kreistagsfraktion<\/strong><\/a> <\/p>\n\n\n\n<p><\/p>\n<\/div><\/div>\n\n\n\n<h4 class=\"wp-block-heading\">Unser Kreisverband<br><br><strong>Organisatorisch &#8211; als Bindeglied zwischen dem Landesverband der Gr\u00fcnen in Niedersachsen und den drei Ortsverb\u00e4nden &#8211; haben wir unseren Kreisverband.<\/strong><br><br>Der Vorstand der Gr\u00fcnen im Emsland:<br>Stand: 21.05.2024<br>Kontakt zu uns: vorstand@gruene-emsland.de<br><\/h4>\n\n\n\n<figure class=\"wp-block-table\"><table><tbody><tr><td><img loading=\"lazy\" decoding=\"async\" width=\"150\" height=\"225\" class=\"wp-image-515\" style=\"width: 150px;\" src=\"https:\/\/gruene-emsland.de\/wp-content\/uploads\/2024\/06\/gruen-hannah-300.jpg\" alt=\"\" srcset=\"https:\/\/gruene-emsland.de\/wp-content\/uploads\/2024\/06\/gruen-hannah-300.jpg 300w, https:\/\/gruene-emsland.de\/wp-content\/uploads\/2024\/06\/gruen-hannah-300-100x150.jpg 100w\" sizes=\"auto, (max-width: 150px) 100vw, 150px\" \/><\/td><td><strong>Hannah Thomann<\/strong><br><strong>Wohnort:<\/strong> Surwold<br><strong>Vorstand Kreisverband Emsland: <\/strong>Vorsitz # 1\/2<br><strong>Vorstand Ortsverband Emsland Nord: <\/strong>Vorsitz <br><strong>Ortsverband: <\/strong>Emsland Nord<br><strong>Mandate:<\/strong><br>Mitglied im Gemeinderat Surwold<br><strong>Kontakt:<\/strong> Hannah-Thomann@gruene-emsland.de<\/td><\/tr><tr><td><img loading=\"lazy\" decoding=\"async\" width=\"150\" height=\"225\" class=\"wp-image-516\" style=\"width: 150px;\" src=\"https:\/\/gruene-emsland.de\/wp-content\/uploads\/2024\/06\/gruen-theresa-300.jpg\" alt=\"\" srcset=\"https:\/\/gruene-emsland.de\/wp-content\/uploads\/2024\/06\/gruen-theresa-300.jpg 300w, https:\/\/gruene-emsland.de\/wp-content\/uploads\/2024\/06\/gruen-theresa-300-100x150.jpg 100w\" sizes=\"auto, (max-width: 150px) 100vw, 150px\" \/><\/td><td><strong>Theresa Gothe<\/strong> (geb. 1984)<br><strong>Wohnort:<\/strong> Meppen<br><strong>Vorstand Kreisverband Emsland: <\/strong>Vorsitz # 1\/2<br><strong>Ortsverband: <\/strong>Emsland Mitte <br><strong>Kontakt:<\/strong> theresa.gothe@gruene-emsland.de<\/td><\/tr><tr><td><img loading=\"lazy\" decoding=\"async\" width=\"150\" height=\"225\" class=\"wp-image-518\" style=\"width: 150px;\" src=\"https:\/\/gruene-emsland.de\/wp-content\/uploads\/2024\/06\/gruen-martina-300.jpg\" alt=\"\" srcset=\"https:\/\/gruene-emsland.de\/wp-content\/uploads\/2024\/06\/gruen-martina-300.jpg 300w, https:\/\/gruene-emsland.de\/wp-content\/uploads\/2024\/06\/gruen-martina-300-100x150.jpg 100w\" sizes=\"auto, (max-width: 150px) 100vw, 150px\" \/><\/td><td><strong>Martina Markus<\/strong><br><strong>Wohnort:<\/strong> Meppen<br><strong>Vorstand Kreisverband Emsland: <\/strong>Kassenwartin<br><strong>Vorstand Ortsverband Emsland Mitte: <\/strong>Beisitzerin<br><strong>Ortsverband: <\/strong>Emsland Mitte<br><strong>Mandate:<\/strong><br>Mitglied im Stadtrat Meppen<br><strong>Kontakt:<\/strong> kasse-ov-meppen@web.de<\/td><\/tr><tr><td><img loading=\"lazy\" decoding=\"async\" width=\"150\" height=\"225\" class=\"wp-image-514\" style=\"width: 150px;\" src=\"https:\/\/gruene-emsland.de\/wp-content\/uploads\/2024\/06\/gruen-klemens-300.jpg\" alt=\"\" srcset=\"https:\/\/gruene-emsland.de\/wp-content\/uploads\/2024\/06\/gruen-klemens-300.jpg 300w, https:\/\/gruene-emsland.de\/wp-content\/uploads\/2024\/06\/gruen-klemens-300-100x150.jpg 100w\" sizes=\"auto, (max-width: 150px) 100vw, 150px\" \/><\/td><td><strong>Klemens Grolle<\/strong> (Geb. 1956)<br><strong>Wohnort:<\/strong> Spelle<br><strong>Vorstand Kreisverband Emsland: <\/strong>Beisitzer # 1\/4 <br><strong>Ortsverband: <\/strong>Emsland S\u00fcd<br><br><strong>Kontakt:<\/strong> klemens.grolle@gruene-emsland.de<\/td><\/tr><tr><td><img loading=\"lazy\" decoding=\"async\" width=\"150\" height=\"225\" class=\"wp-image-519\" style=\"width: 150px;\" src=\"https:\/\/gruene-emsland.de\/wp-content\/uploads\/2024\/06\/gruen-heiko-300.jpg\" alt=\"\" srcset=\"https:\/\/gruene-emsland.de\/wp-content\/uploads\/2024\/06\/gruen-heiko-300.jpg 300w, https:\/\/gruene-emsland.de\/wp-content\/uploads\/2024\/06\/gruen-heiko-300-100x150.jpg 100w\" sizes=\"auto, (max-width: 150px) 100vw, 150px\" \/><\/td><td><strong>Heiko L\u00fcbben<\/strong> (geb. 1973)<br><strong>Wohnort:<\/strong> Meppen<br><strong>Vorstand Kreisverband Emsland: <\/strong>Beisitzer # 1\/4 <br><strong>Ortsverband: <\/strong>Emsland Mitte<br><br><strong>Kontakt:<\/strong> h.luebben@gruene-emsland-mitte.de<\/td><\/tr><tr><td><img loading=\"lazy\" decoding=\"async\" width=\"150\" height=\"225\" class=\"wp-image-513\" style=\"width: 150px;\" src=\"https:\/\/gruene-emsland.de\/wp-content\/uploads\/2024\/06\/gruen-ralf-300.jpg\" alt=\"\" srcset=\"https:\/\/gruene-emsland.de\/wp-content\/uploads\/2024\/06\/gruen-ralf-300.jpg 300w, https:\/\/gruene-emsland.de\/wp-content\/uploads\/2024\/06\/gruen-ralf-300-100x150.jpg 100w\" sizes=\"auto, (max-width: 150px) 100vw, 150px\" \/><\/td><td><strong>Ralf Nehe<\/strong> (geb. 1978)<br><strong>Wohnort:<\/strong> Papenburg<br><strong>Vorstand Kreisverband Emsland: <\/strong>Beisitzer # 1\/4<br><strong>Vorstand Ortsverband Emsland Nord: <\/strong>Vorsitzender<br><br><strong>Kontakt:<\/strong> r.nehe@gruene-eln.de<\/td><\/tr><tr><td><\/td><td><\/td><\/tr><\/tbody><\/table><\/figure>\n","protected":false},"excerpt":{"rendered":"<p>B\u00fcndnis90 \/ Die Gr\u00fcnen im Landkreis Emsland gliedern sich in den Kreisverband, der Kreistagsfraktion, sowie einzelnen Ortsverb\u00e4nden. Die politische Arbeit liegt haupts\u00e4chlich bei den Ortsverb\u00e4nden. Diese sind auch Ansprechpartner f\u00fcr [&hellip;]<\/p>\n","protected":false},"author":1,"featured_media":0,"parent":0,"menu_order":0,"comment_status":"closed","ping_status":"closed","template":"","meta":{"footnotes":""},"class_list":["post-77","page","type-page","status-publish","hentry"],"_links":{"self":[{"href":"https:\/\/gruene-emsland.de\/index.php?rest_route=\/wp\/v2\/pages\/77","targetHints":{"allow":["GET"]}}],"collection":[{"href":"https:\/\/gruene-emsland.de\/index.php?rest_route=\/wp\/v2\/pages"}],"about":[{"href":"https:\/\/gruene-emsland.de\/index.php?rest_route=\/wp\/v2\/types\/page"}],"author":[{"embeddable":true,"href":"https:\/\/gruene-emsland.de\/index.php?rest_route=\/wp\/v2\/users\/1"}],"replies":[{"embeddable":true,"href":"https:\/\/gruene-emsland.de\/index.php?rest_route=%2Fwp%2Fv2%2Fcomments&post=77"}],"version-history":[{"count":35,"href":"https:\/\/gruene-emsland.de\/index.php?rest_route=\/wp\/v2\/pages\/77\/revisions"}],"predecessor-version":[{"id":530,"href":"https:\/\/gruene-emsland.de\/index.php?rest_route=\/wp\/v2\/pages\/77\/revisions\/530"}],"wp:attachment":[{"href":"https:\/\/gruene-emsland.de\/index.php?rest_route=%2Fwp%2Fv2%2Fmedia&parent=77"}],"curies":[{"name":"wp","href":"https:\/\/api.w.org\/{rel}","templated":true}]}}