{"id":740,"date":"2025-04-16T14:52:47","date_gmt":"2025-04-16T14:52:47","guid":{"rendered":"https:\/\/gruene-emsland.de\/?page_id=740"},"modified":"2025-04-16T15:00:12","modified_gmt":"2025-04-16T15:00:12","slug":"arbeitsgemeinschaften","status":"publish","type":"page","link":"https:\/\/gruene-emsland.de\/?page_id=740","title":{"rendered":"Arbeitsgemeinschaften"},"content":{"rendered":"\n<p>Bei den Gr\u00fcnen gibt es auf verschiedenen Ebenen Arbeitsgemeinschaften.<br><br>Auf Bundesebene: BAGs<br>Auf Landesebene: LAGs<br>Auf Kreisebene: KAGs<br>Auf Ortsverbandsebene: OAGs<br><\/p>\n\n\n\n<p>Hier m\u00f6chten wir euch einige unserer Arbeitsgemeinschaften vorstellen:<br><br><br><strong>AG Energie und Atom im Emsland<\/strong><\/p>\n\n\n\n<p>Die Arbeitsgruppe (AG) Energie &amp; Atom im Emsland besch\u00e4ftigt sich mit Themen rund um die Energieversorgung in der Region. Ziel der AG ist es, Wissen auszutauschen und Ideen f\u00fcr die sozial-gerechte Energiewende zu entwickeln.<\/p>\n\n\n\n<p>Interessierte Mitglieder k\u00f6nnen sich hier mit anderen vernetzen, um gemeinsam \u00fcber die Herausforderungen und M\u00f6glichkeiten der Versorgung mit erneuerbaren Energien von St\u00e4dten, Haushalten und Industrie zu diskutieren.<\/p>\n\n\n\n<p>Die AG organisiert regelm\u00e4\u00dfige Treffen, Exkursionen und Erfahrungsaustausche. Die AG tagt etwa viermal im Jahr und steht allen interessierten Mitgliedern offen.<br>Du erreichst uns unter ag-energie@gruene-emsland.de<\/p>\n\n\n\n<p><\/p>\n\n\n\n<p>Weitere AGs werden hier in den kommenden Wochen hinzugef\u00fcgt.<\/p>\n\n\n\n<p><\/p>\n","protected":false},"excerpt":{"rendered":"<p>Bei den Gr\u00fcnen gibt es auf verschiedenen Ebenen Arbeitsgemeinschaften. Auf Bundesebene: BAGsAuf Landesebene: LAGsAuf Kreisebene: KAGsAuf Ortsverbandsebene: OAGs Hier m\u00f6chten wir euch einige unserer Arbeitsgemeinschaften vorstellen: AG Energie und Atom [&hellip;]<\/p>\n","protected":false},"author":1,"featured_media":0,"parent":0,"menu_order":0,"comment_status":"closed","ping_status":"closed","template":"","meta":{"footnotes":""},"class_list":["post-740","page","type-page","status-publish","hentry"],"_links":{"self":[{"href":"https:\/\/gruene-emsland.de\/index.php?rest_route=\/wp\/v2\/pages\/740","targetHints":{"allow":["GET"]}}],"collection":[{"href":"https:\/\/gruene-emsland.de\/index.php?rest_route=\/wp\/v2\/pages"}],"about":[{"href":"https:\/\/gruene-emsland.de\/index.php?rest_route=\/wp\/v2\/types\/page"}],"author":[{"embeddable":true,"href":"https:\/\/gruene-emsland.de\/index.php?rest_route=\/wp\/v2\/users\/1"}],"replies":[{"embeddable":true,"href":"https:\/\/gruene-emsland.de\/index.php?rest_route=%2Fwp%2Fv2%2Fcomments&post=740"}],"version-history":[{"count":4,"href":"https:\/\/gruene-emsland.de\/index.php?rest_route=\/wp\/v2\/pages\/740\/revisions"}],"predecessor-version":[{"id":745,"href":"https:\/\/gruene-emsland.de\/index.php?rest_route=\/wp\/v2\/pages\/740\/revisions\/745"}],"wp:attachment":[{"href":"https:\/\/gruene-emsland.de\/index.php?rest_route=%2Fwp%2Fv2%2Fmedia&parent=740"}],"curies":[{"name":"wp","href":"https:\/\/api.w.org\/{rel}","templated":true}]}}

<p>Bei den Grünen gibt es auf verschiedenen Ebenen Arbeitsgemeinschaften.<br><br>Auf Bundesebene: BAGs<br>Auf Landesebene: LAGs<br>Auf Kreisebene: KAGs<br>Auf Ortsverbandsebene: OAGs<br></p>



<p>Hier möchten wir euch einige unserer Arbeitsgemeinschaften vorstellen:<br><br><br><strong>AG Energie und Atom im Emsland</strong></p>



<p>Die Arbeitsgruppe (AG) Energie &amp; Atom im Emsland beschäftigt sich mit Themen rund um die Energieversorgung in der Region. Ziel der AG ist es, Wissen auszutauschen und Ideen für die sozial-gerechte Energiewende zu entwickeln.</p>



<p>Interessierte Mitglieder können sich hier mit anderen vernetzen, um gemeinsam über die Herausforderungen und Möglichkeiten der Versorgung mit erneuerbaren Energien von Städten, Haushalten und Industrie zu diskutieren.</p>



<p>Die AG organisiert regelmäßige Treffen, Exkursionen und Erfahrungsaustausche. Die AG tagt etwa viermal im Jahr und steht allen interessierten Mitgliedern offen.<br>Du erreichst uns unter ag-energie@gruene-emsland.de</p>



<p></p>



<p>Weitere AGs werden hier in den kommenden Wochen hinzugefügt.</p>



<p></p>

<p>Bei den Grünen gibt es auf verschiedenen Ebenen Arbeitsgemeinschaften. Auf Bundesebene: BAGsAuf Landesebene: LAGsAuf Kreisebene: KAGsAuf Ortsverbandsebene: OAGs Hier möchten wir euch einige unserer Arbeitsgemeinschaften vorstellen: AG Energie und Atom [&hellip;]</p>
