{"id":33,"date":"2019-10-26T18:03:38","date_gmt":"2019-10-26T18:03:38","guid":{"rendered":"https:\/\/gruene-emsland.de\/?page_id=33"},"modified":"2024-06-10T16:33:29","modified_gmt":"2024-06-10T16:33:29","slug":"impressum","status":"publish","type":"page","link":"https:\/\/gruene-emsland.de\/?page_id=33","title":{"rendered":"Impressum"},"content":{"rendered":"\n<h1 class=\"wp-block-heading\">Angaben gem\u00e4\u00df \u00a7 5 TMG<\/h1>\n\n\n\n<p>B\u00fcndnis 90 \/ Die Gr\u00fcnen Kreisverband Emsland<br>Karolinenstra\u00dfe 3<br>49808 Lingen<\/p>\n\n\n\n<p><strong>Vertreten durch:<\/strong> <br>Hannah Thomann (Vorsitz)<br>Theresa Gothe (Vorsitz)<br>Martina Markus (Kasse)<\/p>\n\n\n\n<h2 class=\"wp-block-heading\">Kontakt<\/h2>\n\n\n\n<p>Telefon: +49 1522 4483966<br>E-Mail: vorstand@gruene-emsland.de<\/p>\n\n\n\n<h2 class=\"wp-block-heading\">Redaktionell verantwortlich<\/h2>\n\n\n\n<p>Hannah Thomann<\/p>\n\n\n\n<h2 class=\"wp-block-heading\">Verbraucher\u00adstreit\u00adbeilegung\/Universal\u00adschlichtungs\u00adstelle<\/h2>\n\n\n\n<p>Wir sind nicht bereit oder verpflichtet, an Streitbeilegungsverfahren vor einer Verbraucherschlichtungsstelle teilzunehmen.<\/p>\n\n\n\n<p> <br>Haftungshinweis: Trotz sorgf\u00e4ltiger inhaltlicher Kontrolle\u00fcbernehmen wir keine Haftung f\u00fcr die Inhalte externer Links.<br>F\u00fcr den Inhalt der verlinkten Seiten sind ausschlie\u00dflich deren Betreiber verantwortlich.<\/p>\n\n\n\n<p><\/p>\n","protected":false},"excerpt":{"rendered":"<p>Angaben gem\u00e4\u00df \u00a7 5 TMG B\u00fcndnis 90 \/ Die Gr\u00fcnen Kreisverband EmslandKarolinenstra\u00dfe 349808 Lingen Vertreten durch: Hannah Thomann (Vorsitz)Theresa Gothe (Vorsitz)Martina Markus (Kasse) Kontakt Telefon: +49 1522 4483966E-Mail: vorstand@gruene-emsland.de Redaktionell [&hellip;]<\/p>\n","protected":false},"author":1,"featured_media":0,"parent":0,"menu_order":0,"comment_status":"closed","ping_status":"closed","template":"","meta":{"footnotes":""},"class_list":["post-33","page","type-page","status-publish","hentry"],"_links":{"self":[{"href":"https:\/\/gruene-emsland.de\/index.php?rest_route=\/wp\/v2\/pages\/33","targetHints":{"allow":["GET"]}}],"collection":[{"href":"https:\/\/gruene-emsland.de\/index.php?rest_route=\/wp\/v2\/pages"}],"about":[{"href":"https:\/\/gruene-emsland.de\/index.php?rest_route=\/wp\/v2\/types\/page"}],"author":[{"embeddable":true,"href":"https:\/\/gruene-emsland.de\/index.php?rest_route=\/wp\/v2\/users\/1"}],"replies":[{"embeddable":true,"href":"https:\/\/gruene-emsland.de\/index.php?rest_route=%2Fwp%2Fv2%2Fcomments&post=33"}],"version-history":[{"count":8,"href":"https:\/\/gruene-emsland.de\/index.php?rest_route=\/wp\/v2\/pages\/33\/revisions"}],"predecessor-version":[{"id":524,"href":"https:\/\/gruene-emsland.de\/index.php?rest_route=\/wp\/v2\/pages\/33\/revisions\/524"}],"wp:attachment":[{"href":"https:\/\/gruene-emsland.de\/index.php?rest_route=%2Fwp%2Fv2%2Fmedia&parent=33"}],"curies":[{"name":"wp","href":"https:\/\/api.w.org\/{rel}","templated":true}]}}

<h1 class="wp-block-heading">Angaben gemäß § 5 TMG</h1>



<p>Bündnis 90 / Die Grünen Kreisverband Emsland<br>Karolinenstraße 3<br>49808 Lingen</p>



<p><strong>Vertreten durch:</strong> <br>Hannah Thomann (Vorsitz)<br>Theresa Gothe (Vorsitz)<br>Martina Markus (Kasse)</p>



<h2 class="wp-block-heading">Kontakt</h2>



<p>Telefon: +49 1522 4483966<br>E-Mail: vorstand@gruene-emsland.de</p>



<h2 class="wp-block-heading">Redaktionell verantwortlich</h2>



<p>Hannah Thomann</p>



<h2 class="wp-block-heading">Verbraucher­streit­beilegung/Universal­schlichtungs­stelle</h2>



<p>Wir sind nicht bereit oder verpflichtet, an Streitbeilegungsverfahren vor einer Verbraucherschlichtungsstelle teilzunehmen.</p>



<p> <br>Haftungshinweis: Trotz sorgfältiger inhaltlicher Kontrolleübernehmen wir keine Haftung für die Inhalte externer Links.<br>Für den Inhalt der verlinkten Seiten sind ausschließlich deren Betreiber verantwortlich.</p>



<p></p>

<p>Angaben gemäß § 5 TMG Bündnis 90 / Die Grünen Kreisverband EmslandKarolinenstraße 349808 Lingen Vertreten durch: Hannah Thomann (Vorsitz)Theresa Gothe (Vorsitz)Martina Markus (Kasse) Kontakt Telefon: +49 1522 4483966E-Mail: vorstand@gruene-emsland.de Redaktionell [&hellip;]</p>
