{"id":215,"date":"2021-03-16T16:47:46","date_gmt":"2021-03-16T16:47:46","guid":{"rendered":"https:\/\/gruene-emsland.de\/?page_id=215"},"modified":"2026-02-24T12:40:40","modified_gmt":"2026-02-24T12:40:40","slug":"kreistagsfraktion-des-emslandes","status":"publish","type":"page","link":"https:\/\/gruene-emsland.de\/?page_id=215","title":{"rendered":"Kreistagsfraktion des Emslandes"},"content":{"rendered":"\n<p>Seit dem November 2021 sind wir mit 6 statt vorher 4 Sitzen im emsl\u00e4ndischen Kreistag vertreten und stellen somit die drittgr\u00f6\u00dfte Fraktion. Einen Wechsel innerhalb der Fraktion gab es im Dezember 2025. Zu unserer Arbeit und der Arbeit im Kreistag generell finden Sie hier das Kreistagsinformationssystem (externer Link): <a href=\"https:\/\/landkreis-emsland.ratsinfomanagement.net\/sitzungsinfo\/\">https:\/\/landkreis-emsland.ratsinfomanagement.net\/sitzungsinfo\/<\/a><\/p>\n\n\n\n<p>Weiterf\u00fchrende Links:<\/p>\n\n\n\n<p><a href=\"https:\/\/gruene-emsland.de\/?cat=41\" data-type=\"link\" data-id=\"https:\/\/gruene-emsland.de\/?cat=41\">Aktuelles von der Kreistagsfaktion.<\/a><\/p>\n\n\n\n<p><a href=\"https:\/\/gruene-emsland.de\/?cat=47\">Antr\u00e4ge der Kreistagsfraktion<\/a>.<\/p>\n\n\n\n<figure class=\"wp-block-table\"><table><tbody><tr><td><img loading=\"lazy\" decoding=\"async\" width=\"145\" height=\"217\" class=\"wp-image-288\" style=\"width: 145px;\" src=\"https:\/\/gruene-emsland.de\/wp-content\/uploads\/2021\/11\/GRUeNE_Kuipers_Melanie.jpg\" alt=\"Melanie Kuipers\" srcset=\"https:\/\/gruene-emsland.de\/wp-content\/uploads\/2021\/11\/GRUeNE_Kuipers_Melanie.jpg 145w, https:\/\/gruene-emsland.de\/wp-content\/uploads\/2021\/11\/GRUeNE_Kuipers_Melanie-100x150.jpg 100w\" sizes=\"auto, (max-width: 145px) 100vw, 145px\" \/><\/td><td><strong>Melanie Kuipers<\/strong> (geb. 1975) <br><strong>Wohnort: <\/strong>Meppen (Aufgewachsen in Twist)<br><strong>Beruf: <\/strong>Unternehmerin<br><strong>Mitglied der Kreistagsfraktion der Gr\u00fcnen Emsland: <\/strong>seit 2021 <br><strong>Ortsverband: <\/strong>Emsland Mitte <br><strong>Fraktionsvorsitzende<\/strong><br><strong>Arbeisschwerpunkte: <\/strong><br>&#8211; <strong>Betriebsausschuss <\/strong>des Abfallwirtschaftsbetriebes Landkreis Emsland<br>&#8211; <strong>Ausschuss <\/strong>f\u00fcr Kultur und Tourismus<br>&#8211; Naturpark H\u00fcmmling e.V. <br>&#8211; Emsl\u00e4ndische Landschaft e.V. <br><strong>Kontakt: <\/strong>melanie.kuipers@gruene-emsland.de<\/td><\/tr><tr><td><img loading=\"lazy\" decoding=\"async\" width=\"145\" height=\"217\" class=\"wp-image-286\" style=\"width: 145px;\" src=\"https:\/\/gruene-emsland.de\/wp-content\/uploads\/2021\/11\/GRUeNE_Buss_Guenter.jpg\" alt=\"G\u00fcnter Buss\" srcset=\"https:\/\/gruene-emsland.de\/wp-content\/uploads\/2021\/11\/GRUeNE_Buss_Guenter.jpg 145w, https:\/\/gruene-emsland.de\/wp-content\/uploads\/2021\/11\/GRUeNE_Buss_Guenter-100x150.jpg 100w\" sizes=\"auto, (max-width: 145px) 100vw, 145px\" \/><\/td><td><strong>G\u00fcnther Buss<\/strong> (geb. 1957)<br><strong>Wohnort: <\/strong>Papenburg<br><strong>Beruf: <\/strong>Freiberuflicher Spielplatzplaner, Betrieb f\u00fcr Gr\u00fcnfl\u00e4chenpflege<br><strong>Mitglied der Kreistagsfraktion der Gr\u00fcnen Emsland: <\/strong> seit 2016<br><strong>Ortsverband:<\/strong> Emsland Nord<br><strong>Stellvertretender Fraktionsvorsitzender<\/strong><br><strong> <strong>Arbeitsschwerpunkte<\/strong> : <\/strong> <br>&#8211; <strong>Kreisausschuss<\/strong><br>&#8211; <strong>Ausschuss <\/strong>Schule<br>&#8211; Sparkassenzweckverband Emsland <br>Schule \/ Soziales<br><strong>Kontakt: <\/strong>guenter.buss@gruene-emsland.de<\/td><\/tr><tr><td><img loading=\"lazy\" decoding=\"async\" width=\"145\" height=\"217\" class=\"wp-image-285\" style=\"width: 145px;\" src=\"https:\/\/gruene-emsland.de\/wp-content\/uploads\/2021\/11\/GRUeNE_Breer_Nicolas.jpg\" alt=\"Nicolas Breer\" srcset=\"https:\/\/gruene-emsland.de\/wp-content\/uploads\/2021\/11\/GRUeNE_Breer_Nicolas.jpg 145w, https:\/\/gruene-emsland.de\/wp-content\/uploads\/2021\/11\/GRUeNE_Breer_Nicolas-100x150.jpg 100w\" sizes=\"auto, (max-width: 145px) 100vw, 145px\" \/><\/td><td><strong>Nicolas Breer<\/strong> (geb. 1992) <br><strong>Wohnort:<\/strong> Hasel\u00fcnne<br><strong>Beruf: <\/strong>Kinder- &amp; Jugendpsychotherapeut <br><strong>Mitglied der Kreistagsfraktion der Gr\u00fcnen Emsland: <\/strong>seit 2021  <br><strong>Ortsverband: <\/strong>Emsland Mitte <br><strong>Arbeitsschwerpunkte:  <\/strong><br>&#8211; <strong>Ausschuss <\/strong>Jugendhilfe und Sport<br>&#8211; <strong>Vorsitzender des Ausschusses f\u00fcr Finanzen und Beteiligungen<\/strong><br><strong>Kontakt: <\/strong>nicolas.breer@gruene-emsland.de<\/td><\/tr><tr><td><img loading=\"lazy\" decoding=\"async\" width=\"145\" height=\"217\" class=\"wp-image-287\" style=\"width: 145px;\" src=\"https:\/\/gruene-emsland.de\/wp-content\/uploads\/2021\/11\/GRUeNE_Grolle_Klemens.jpg\" alt=\"Klemens Grolle\" srcset=\"https:\/\/gruene-emsland.de\/wp-content\/uploads\/2021\/11\/GRUeNE_Grolle_Klemens.jpg 145w, https:\/\/gruene-emsland.de\/wp-content\/uploads\/2021\/11\/GRUeNE_Grolle_Klemens-100x150.jpg 100w\" sizes=\"auto, (max-width: 145px) 100vw, 145px\" \/><\/td><td><strong>Klemens Grolle  <\/strong>(geb. 1956)<br><strong>Wohnort:<\/strong> Spelle<br><strong>Beruf: <\/strong>Dipl. Ing. Maschinenbau<br><strong>Mitglied der Kreistagsfraktion der Gr\u00fcnen Emsland:<\/strong> seit 2021  <br><strong>Ortsverband: <\/strong>Emsland S\u00fcd  (gew\u00e4hlt im Wahlbezirk Spelle, Emsb\u00fcren, Salzbergen)<br><strong>Arbeitsschwerpunkte<\/strong>:  <br>&#8211; <strong>Ausschuss <\/strong>f\u00fcr Kreisentwicklung<br>&#8211; <strong>Ausschuss<\/strong> f\u00fcr Umwelt und Natur<br>&#8211; Sparkassenzweckverband Emsland <br><strong><em>Ansprechpartner f\u00fcr die Samtgemeinden Freren und Lengerich<\/em><\/strong><br><strong>Kontakt: <\/strong>klemens.grolle@gruene-emsland.de<\/td><\/tr><tr><td><img loading=\"lazy\" decoding=\"async\" width=\"145\" height=\"217\" class=\"wp-image-289\" style=\"width: 145px;\" src=\"https:\/\/gruene-emsland.de\/wp-content\/uploads\/2021\/11\/GRUeNE_Pellny_Martina.jpg\" alt=\"Martina Pellny\" srcset=\"https:\/\/gruene-emsland.de\/wp-content\/uploads\/2021\/11\/GRUeNE_Pellny_Martina.jpg 145w, https:\/\/gruene-emsland.de\/wp-content\/uploads\/2021\/11\/GRUeNE_Pellny_Martina-100x150.jpg 100w\" sizes=\"auto, (max-width: 145px) 100vw, 145px\" \/><\/td><td><strong>Martina Pellny <\/strong>(geb. 1968)<br><strong>Wohnort: <\/strong>Lingen<br><strong>Beruf: <\/strong>Diplom-Volkswirtin und Gesundheits\u00f6konomin. Viele Jahre im Ausland<br>t\u00e4tig f\u00fcr die WHO und GIZ (Gesellschaft f\u00fcr Internationale Zusammenarbeit).<br>Zur Zeit pflegende Angeh\u00f6rige.<br><strong>Mitglied der Kreistagsfraktion der Gr\u00fcnen Emsland:<\/strong> seit 2021 <br><strong>Ortsverband: <\/strong>Emsland S\u00fcd <br><strong>Arbeitsschwerpunkte: <\/strong><br>&#8211; <strong>Ausschuss <\/strong>f\u00fcr Soziales, Arbeit und Integration<br>&#8211; <strong>Ausschuss <\/strong>f\u00fcr Feuerschutz<br>Wirtschaft, Soziales, Gesundheit\/Pflege, Integration, Internationale Zusammenarbeit, <br>Erneuerbare Energien, Moor- u. Klimaschutz <br><strong>Kontakt: <\/strong>martina.pellny@gruene-emsland.de<\/td><\/tr><tr><td><img loading=\"lazy\" decoding=\"async\" width=\"150\" height=\"225\" class=\"wp-image-834\" style=\"width: 150px;\" src=\"https:\/\/gruene-emsland.de\/wp-content\/uploads\/2025\/12\/499551c7-5f31-49e8-b188-3fb61c7cb7dc.jpg\" alt=\"Jens Niemann\" srcset=\"https:\/\/gruene-emsland.de\/wp-content\/uploads\/2025\/12\/499551c7-5f31-49e8-b188-3fb61c7cb7dc.jpg 1069w, https:\/\/gruene-emsland.de\/wp-content\/uploads\/2025\/12\/499551c7-5f31-49e8-b188-3fb61c7cb7dc-400x600.jpg 400w, https:\/\/gruene-emsland.de\/wp-content\/uploads\/2025\/12\/499551c7-5f31-49e8-b188-3fb61c7cb7dc-800x1197.jpg 800w, https:\/\/gruene-emsland.de\/wp-content\/uploads\/2025\/12\/499551c7-5f31-49e8-b188-3fb61c7cb7dc-768x1149.jpg 768w, https:\/\/gruene-emsland.de\/wp-content\/uploads\/2025\/12\/499551c7-5f31-49e8-b188-3fb61c7cb7dc-1026x1536.jpg 1026w, https:\/\/gruene-emsland.de\/wp-content\/uploads\/2025\/12\/499551c7-5f31-49e8-b188-3fb61c7cb7dc-100x150.jpg 100w\" sizes=\"auto, (max-width: 150px) 100vw, 150px\" \/><\/td><td><strong><br>Jens Niemann <\/strong>(geb. 1966)<br><strong>Wohnort:<\/strong> Lingen<br><strong>Beruf:<\/strong> Freiberuflicher IT Berater<br><strong>Mitglied der Kreistagsfraktion der Gr\u00fcnen Emsland:<\/strong> seit 12.2025<br><strong>Mitglied Vorstand Ortsverband Emsland S\u00fcd: <\/strong> <br><strong>Ortsverband: <\/strong>Emsland S\u00fcd<br><strong>Arbeitsschwerpunkte: <\/strong><br>&#8211; <strong>Ausschuss <\/strong>Jugendhilfe und Sport<br>&#8211; Beirat Jobcenter<br><strong>Kontakt:<\/strong> jens.niemann@gruene-emsland.de<\/td><\/tr><\/tbody><\/table><\/figure>\n\n\n\n<p><\/p>\n\n\n\n<p><\/p>\n\n\n\n<h1 class=\"wp-block-heading\" id=\"unsere-buros\">Unsere B\u00fcros<\/h1>\n\n\n\n<p><\/p>\n\n\n\n<figure class=\"wp-block-image size-large is-resized\"><img loading=\"lazy\" decoding=\"async\" width=\"235\" height=\"178\" src=\"https:\/\/gruene-emsland.de\/wp-content\/uploads\/2021\/03\/RTEmagicC_buero_02.jpg\" alt=\"\" class=\"wp-image-219\" style=\"width:224px;height:170px\" srcset=\"https:\/\/gruene-emsland.de\/wp-content\/uploads\/2021\/03\/RTEmagicC_buero_02.jpg 235w, https:\/\/gruene-emsland.de\/wp-content\/uploads\/2021\/03\/RTEmagicC_buero_02-150x114.jpg 150w\" sizes=\"auto, (max-width: 235px) 100vw, 235px\" \/><\/figure>\n\n\n\n<p class=\"has-text-align-left\"><strong>Das B\u00fcro der Kreistagsfraktion&nbsp;f\u00fcr den s\u00fcdlichen Breich des Emslandes befindet sich in der<\/strong><\/p>\n\n\n\n<p>Karolinenstr. 3<br>49808 Lingen<\/p>\n\n\n\n<h1 class=\"wp-block-heading\" id=\"die-konstituierende-sitzung-und-die-platzverteilung-im-kreistag\"><\/h1>\n\n\n\n<p><\/p>\n\n\n\n<p><\/p>\n\n\n\n<hr class=\"wp-block-separator has-css-opacity\"\/>\n","protected":false},"excerpt":{"rendered":"<p>Seit dem November 2021 sind wir mit 6 statt vorher 4 Sitzen im emsl\u00e4ndischen Kreistag vertreten und stellen somit die drittgr\u00f6\u00dfte Fraktion. Einen Wechsel innerhalb der Fraktion gab es im [&hellip;]<\/p>\n","protected":false},"author":1,"featured_media":0,"parent":0,"menu_order":0,"comment_status":"closed","ping_status":"closed","template":"","meta":{"footnotes":""},"class_list":["post-215","page","type-page","status-publish","hentry"],"_links":{"self":[{"href":"https:\/\/gruene-emsland.de\/index.php?rest_route=\/wp\/v2\/pages\/215","targetHints":{"allow":["GET"]}}],"collection":[{"href":"https:\/\/gruene-emsland.de\/index.php?rest_route=\/wp\/v2\/pages"}],"about":[{"href":"https:\/\/gruene-emsland.de\/index.php?rest_route=\/wp\/v2\/types\/page"}],"author":[{"embeddable":true,"href":"https:\/\/gruene-emsland.de\/index.php?rest_route=\/wp\/v2\/users\/1"}],"replies":[{"embeddable":true,"href":"https:\/\/gruene-emsland.de\/index.php?rest_route=%2Fwp%2Fv2%2Fcomments&post=215"}],"version-history":[{"count":28,"href":"https:\/\/gruene-emsland.de\/index.php?rest_route=\/wp\/v2\/pages\/215\/revisions"}],"predecessor-version":[{"id":909,"href":"https:\/\/gruene-emsland.de\/index.php?rest_route=\/wp\/v2\/pages\/215\/revisions\/909"}],"wp:attachment":[{"href":"https:\/\/gruene-emsland.de\/index.php?rest_route=%2Fwp%2Fv2%2Fmedia&parent=215"}],"curies":[{"name":"wp","href":"https:\/\/api.w.org\/{rel}","templated":true}]}}

<p>Seit dem November 2021 sind wir mit 6 statt vorher 4 Sitzen im emsländischen Kreistag vertreten und stellen somit die drittgrößte Fraktion. Einen Wechsel innerhalb der Fraktion gab es im Dezember 2025. Zu unserer Arbeit und der Arbeit im Kreistag generell finden Sie hier das Kreistagsinformationssystem (externer Link): <a href="https://landkreis-emsland.ratsinfomanagement.net/sitzungsinfo/">https://landkreis-emsland.ratsinfomanagement.net/sitzungsinfo/</a></p>



<p>Weiterführende Links:</p>



<p><a href="https://gruene-emsland.de/?cat=41" data-type="link" data-id="https://gruene-emsland.de/?cat=41">Aktuelles von der Kreistagsfaktion.</a></p>



<p><a href="https://gruene-emsland.de/?cat=47">Anträge der Kreistagsfraktion</a>.</p>



<figure class="wp-block-table"><table><tbody><tr><td><img loading="lazy" decoding="async" width="145" height="217" class="wp-image-288" style="width: 145px;" src="https://gruene-emsland.de/wp-content/uploads/2021/11/GRUeNE_Kuipers_Melanie.jpg" alt="Melanie Kuipers" srcset="https://gruene-emsland.de/wp-content/uploads/2021/11/GRUeNE_Kuipers_Melanie.jpg 145w, https://gruene-emsland.de/wp-content/uploads/2021/11/GRUeNE_Kuipers_Melanie-100x150.jpg 100w" sizes="auto, (max-width: 145px) 100vw, 145px" /></td><td><strong>Melanie Kuipers</strong> (geb. 1975) <br><strong>Wohnort: </strong>Meppen (Aufgewachsen in Twist)<br><strong>Beruf: </strong>Unternehmerin<br><strong>Mitglied der Kreistagsfraktion der Grünen Emsland: </strong>seit 2021 <br><strong>Ortsverband: </strong>Emsland Mitte <br><strong>Fraktionsvorsitzende</strong><br><strong>Arbeisschwerpunkte: </strong><br>&#8211; <strong>Betriebsausschuss </strong>des Abfallwirtschaftsbetriebes Landkreis Emsland<br>&#8211; <strong>Ausschuss </strong>für Kultur und Tourismus<br>&#8211; Naturpark Hümmling e.V. <br>&#8211; Emsländische Landschaft e.V. <br><strong>Kontakt: </strong>melanie.kuipers@gruene-emsland.de</td></tr><tr><td><img loading="lazy" decoding="async" width="145" height="217" class="wp-image-286" style="width: 145px;" src="https://gruene-emsland.de/wp-content/uploads/2021/11/GRUeNE_Buss_Guenter.jpg" alt="Günter Buss" srcset="https://gruene-emsland.de/wp-content/uploads/2021/11/GRUeNE_Buss_Guenter.jpg 145w, https://gruene-emsland.de/wp-content/uploads/2021/11/GRUeNE_Buss_Guenter-100x150.jpg 100w" sizes="auto, (max-width: 145px) 100vw, 145px" /></td><td><strong>Günther Buss</strong> (geb. 1957)<br><strong>Wohnort: </strong>Papenburg<br><strong>Beruf: </strong>Freiberuflicher Spielplatzplaner, Betrieb für Grünflächenpflege<br><strong>Mitglied der Kreistagsfraktion der Grünen Emsland: </strong> seit 2016<br><strong>Ortsverband:</strong> Emsland Nord<br><strong>Stellvertretender Fraktionsvorsitzender</strong><br><strong> <strong>Arbeitsschwerpunkte</strong> : </strong> <br>&#8211; <strong>Kreisausschuss</strong><br>&#8211; <strong>Ausschuss </strong>Schule<br>&#8211; Sparkassenzweckverband Emsland <br>Schule / Soziales<br><strong>Kontakt: </strong>guenter.buss@gruene-emsland.de</td></tr><tr><td><img loading="lazy" decoding="async" width="145" height="217" class="wp-image-285" style="width: 145px;" src="https://gruene-emsland.de/wp-content/uploads/2021/11/GRUeNE_Breer_Nicolas.jpg" alt="Nicolas Breer" srcset="https://gruene-emsland.de/wp-content/uploads/2021/11/GRUeNE_Breer_Nicolas.jpg 145w, https://gruene-emsland.de/wp-content/uploads/2021/11/GRUeNE_Breer_Nicolas-100x150.jpg 100w" sizes="auto, (max-width: 145px) 100vw, 145px" /></td><td><strong>Nicolas Breer</strong> (geb. 1992) <br><strong>Wohnort:</strong> Haselünne<br><strong>Beruf: </strong>Kinder- &amp; Jugendpsychotherapeut <br><strong>Mitglied der Kreistagsfraktion der Grünen Emsland: </strong>seit 2021  <br><strong>Ortsverband: </strong>Emsland Mitte <br><strong>Arbeitsschwerpunkte:  </strong><br>&#8211; <strong>Ausschuss </strong>Jugendhilfe und Sport<br>&#8211; <strong>Vorsitzender des Ausschusses für Finanzen und Beteiligungen</strong><br><strong>Kontakt: </strong>nicolas.breer@gruene-emsland.de</td></tr><tr><td><img loading="lazy" decoding="async" width="145" height="217" class="wp-image-287" style="width: 145px;" src="https://gruene-emsland.de/wp-content/uploads/2021/11/GRUeNE_Grolle_Klemens.jpg" alt="Klemens Grolle" srcset="https://gruene-emsland.de/wp-content/uploads/2021/11/GRUeNE_Grolle_Klemens.jpg 145w, https://gruene-emsland.de/wp-content/uploads/2021/11/GRUeNE_Grolle_Klemens-100x150.jpg 100w" sizes="auto, (max-width: 145px) 100vw, 145px" /></td><td><strong>Klemens Grolle  </strong>(geb. 1956)<br><strong>Wohnort:</strong> Spelle<br><strong>Beruf: </strong>Dipl. Ing. Maschinenbau<br><strong>Mitglied der Kreistagsfraktion der Grünen Emsland:</strong> seit 2021  <br><strong>Ortsverband: </strong>Emsland Süd  (gewählt im Wahlbezirk Spelle, Emsbüren, Salzbergen)<br><strong>Arbeitsschwerpunkte</strong>:  <br>&#8211; <strong>Ausschuss </strong>für Kreisentwicklung<br>&#8211; <strong>Ausschuss</strong> für Umwelt und Natur<br>&#8211; Sparkassenzweckverband Emsland <br><strong><em>Ansprechpartner für die Samtgemeinden Freren und Lengerich</em></strong><br><strong>Kontakt: </strong>klemens.grolle@gruene-emsland.de</td></tr><tr><td><img loading="lazy" decoding="async" width="145" height="217" class="wp-image-289" style="width: 145px;" src="https://gruene-emsland.de/wp-content/uploads/2021/11/GRUeNE_Pellny_Martina.jpg" alt="Martina Pellny" srcset="https://gruene-emsland.de/wp-content/uploads/2021/11/GRUeNE_Pellny_Martina.jpg 145w, https://gruene-emsland.de/wp-content/uploads/2021/11/GRUeNE_Pellny_Martina-100x150.jpg 100w" sizes="auto, (max-width: 145px) 100vw, 145px" /></td><td><strong>Martina Pellny </strong>(geb. 1968)<br><strong>Wohnort: </strong>Lingen<br><strong>Beruf: </strong>Diplom-Volkswirtin und Gesundheitsökonomin. Viele Jahre im Ausland<br>tätig für die WHO und GIZ (Gesellschaft für Internationale Zusammenarbeit).<br>Zur Zeit pflegende Angehörige.<br><strong>Mitglied der Kreistagsfraktion der Grünen Emsland:</strong> seit 2021 <br><strong>Ortsverband: </strong>Emsland Süd <br><strong>Arbeitsschwerpunkte: </strong><br>&#8211; <strong>Ausschuss </strong>für Soziales, Arbeit und Integration<br>&#8211; <strong>Ausschuss </strong>für Feuerschutz<br>Wirtschaft, Soziales, Gesundheit/Pflege, Integration, Internationale Zusammenarbeit, <br>Erneuerbare Energien, Moor- u. Klimaschutz <br><strong>Kontakt: </strong>martina.pellny@gruene-emsland.de</td></tr><tr><td><img loading="lazy" decoding="async" width="150" height="225" class="wp-image-834" style="width: 150px;" src="https://gruene-emsland.de/wp-content/uploads/2025/12/499551c7-5f31-49e8-b188-3fb61c7cb7dc.jpg" alt="Jens Niemann" srcset="https://gruene-emsland.de/wp-content/uploads/2025/12/499551c7-5f31-49e8-b188-3fb61c7cb7dc.jpg 1069w, https://gruene-emsland.de/wp-content/uploads/2025/12/499551c7-5f31-49e8-b188-3fb61c7cb7dc-400x600.jpg 400w, https://gruene-emsland.de/wp-content/uploads/2025/12/499551c7-5f31-49e8-b188-3fb61c7cb7dc-800x1197.jpg 800w, https://gruene-emsland.de/wp-content/uploads/2025/12/499551c7-5f31-49e8-b188-3fb61c7cb7dc-768x1149.jpg 768w, https://gruene-emsland.de/wp-content/uploads/2025/12/499551c7-5f31-49e8-b188-3fb61c7cb7dc-1026x1536.jpg 1026w, https://gruene-emsland.de/wp-content/uploads/2025/12/499551c7-5f31-49e8-b188-3fb61c7cb7dc-100x150.jpg 100w" sizes="auto, (max-width: 150px) 100vw, 150px" /></td><td><strong><br>Jens Niemann </strong>(geb. 1966)<br><strong>Wohnort:</strong> Lingen<br><strong>Beruf:</strong> Freiberuflicher IT Berater<br><strong>Mitglied der Kreistagsfraktion der Grünen Emsland:</strong> seit 12.2025<br><strong>Mitglied Vorstand Ortsverband Emsland Süd: </strong> <br><strong>Ortsverband: </strong>Emsland Süd<br><strong>Arbeitsschwerpunkte: </strong><br>&#8211; <strong>Ausschuss </strong>Jugendhilfe und Sport<br>&#8211; Beirat Jobcenter<br><strong>Kontakt:</strong> jens.niemann@gruene-emsland.de</td></tr></tbody></table></figure>



<p></p>



<p></p>



<h1 class="wp-block-heading" id="unsere-buros">Unsere Büros</h1>



<p></p>



<figure class="wp-block-image size-large is-resized"><img loading="lazy" decoding="async" width="235" height="178" src="https://gruene-emsland.de/wp-content/uploads/2021/03/RTEmagicC_buero_02.jpg" alt="" class="wp-image-219" style="width:224px;height:170px" srcset="https://gruene-emsland.de/wp-content/uploads/2021/03/RTEmagicC_buero_02.jpg 235w, https://gruene-emsland.de/wp-content/uploads/2021/03/RTEmagicC_buero_02-150x114.jpg 150w" sizes="auto, (max-width: 235px) 100vw, 235px" /></figure>



<p class="has-text-align-left"><strong>Das Büro der Kreistagsfraktion&nbsp;für den südlichen Breich des Emslandes befindet sich in der</strong></p>



<p>Karolinenstr. 3<br>49808 Lingen</p>



<h1 class="wp-block-heading" id="die-konstituierende-sitzung-und-die-platzverteilung-im-kreistag"></h1>



<p></p>



<p></p>



<hr class="wp-block-separator has-css-opacity"/>

<p>Seit dem November 2021 sind wir mit 6 statt vorher 4 Sitzen im emsländischen Kreistag vertreten und stellen somit die drittgrößte Fraktion. Einen Wechsel innerhalb der Fraktion gab es im [&hellip;]</p>
